d by j/(-2) + (-5)/(-2).
0
Suppose -4*s = -178 + 726. Let d = s + 146. Calculate the remainder when 80 is divided by d.
8
Let s = 544 + -394. Suppose 220 - s = 7*w. Calculate the remainder when w is divided by 2.
0
Let y be 10/4*2*(-6 + 7). Suppose 0*w - y*w = -4*m + 46, 23 = 3*m + 2*w. Calculate the remainder when (-20)/(-12)*882/35 is divided by m.
6
Let z = 322 - -3. Suppose 0 = 21*o - 34*o + z. Calculate the remainder when o is divided by 22.
3
Suppose -5*m = -6*m + 5, 0 = -s - m + 7. Suppose -374 + 56 = s*p. Let t = 247 + p. Calculate the remainder when t is divided by 30.
28
Let t(v) = v**3 - 10*v**2 + 35*v - 24. Calculate the remainder when 410 is divided by t(5).
20
Suppose 7*a + 4155 = -8*a. Let d = 438 + a. Calculate the remainder when d is divided by 55.
51
Let g = 16320 - 14165. What is the remainder when g is divided by 359?
1
Suppose 49*t - 173143 = -67009. What is the remainder when t is divided by 6?
0
Suppose -4*l + 122 = -66. Let v(b) be the first derivative of -4*b**2 - 5*b - 177. What is the remainder when l is divided by v(-2)?
3
Suppose 4*a = 14 + 6, p - 2*a + 65 = 0. Let w(z) = 3*z**2 + 5*z - 8. Let g be w(-6). Let k = g + p. What is the remainder when 118 is divided by k?
13
What is the remainder when -6*(-3029)/78 - 6 is divided by 11?
7
What is the remainder when 211 is divided by (5 - 429/(-11)) + (-3)/(3/2)?
1
Suppose -26328 = g - 2*g - 2*g. What is the remainder when g is divided by 114?
112
Let j(l) = 63*l - 4082. Calculate the remainder when 953 is divided by j(65).
4
Suppose -13 = 3*t - v - 28, 0 = -2*v - 6. What is the remainder when (-28)/7 - -607 - t is divided by 43?
40
Let u = -1 - -18. Let b = 20 - u. Suppose q = 2*p - 9, -4*p + 9*p - 29 = -4*q. Calculate the remainder when b is divided by q.
0
Suppose -65 = 7*n - 1115. Suppose -n*f + 1406 = -131*f. Calculate the remainder when f is divided by 28.
18
Let m = -58 - -43. Let r(w) = -9*w - 70. Let g(t) = -5*t - 35. Let u(b) = 5*g(b) - 2*r(b). Calculate the remainder when u(m) is divided by 36.
34
Suppose 0 = -2*n - 6*n. Let a = 2 + n. Let s = 9 + -4. What is the remainder when s is divided by a?
1
Suppose 137*x + 1148 = 151*x. Calculate the remainder when x is divided by 11.
5
Suppose -14*g + 256*g - 184972 = -20*g. What is the remainder when g is divided by 144?
130
Let w = 142 - 2. Suppose -2*v = 2*j - 34, 0 - 3 = j - 3*v. What is the remainder when w is divided by j?
8
Suppose 0 = 4*u - 2*h - 12, 4*u - 2*h = 2*h + 4. Suppose -u*c + 9*c - 97 = -j, j = -c + 94. What is the remainder when j is divided by 75?
18
Suppose -36 = -o + 5. Let k = 196 - 194. Suppose -4*g - 2*u + 44 = -5*u, -g - k*u + 22 = 0. What is the remainder when o is divided by g?
13
Let s = -17011 + 17044. Calculate the remainder when 237 is divided by s.
6
Let n(u) = -u**2 - 8*u - 23. Let p be n(-4). What is the remainder when 82 is divided by (-2)/(-11) + (p - 306/(-11))?
19
Suppose 44*y - 188727 = -76*y - 9*y. What is the remainder when y is divided by 42?
35
Suppose -9288 = 111*i - 249*i - 120*i. Suppose -9*x = -10*x + 29. What is the remainder when i is divided by x?
7
Suppose 0 = 2*m - 5*y - 182, -m + 65 = -4*y + 8*y. Calculate the remainder when 11420 is divided by m.
80
Let o = 0 - -25. Let q = -178 + 199. Let r = 51 + q. What is the remainder when r is divided by o?
22
Let t = 1122 - 774. Calculate the remainder when t is divided by 18.
6
Let o = -4955 + 5404. What is the remainder when o is divided by 140?
29
Suppose -8 = 3*q - 32. Calculate the remainder when 49 is divided by (q/6)/(8/162).
22
Let o be (-4)/((-4)/(-63)) - (1 + 1). Let h = -58 - o. Suppose 53 + 101 = h*t. What is the remainder when 85 is divided by t?
19
Suppose -4*p + 4162 = -2*i, 5*i - 10*i = -p + 1018. What is the remainder when p is divided by 19?
17
Suppose -12*g = 3*g - 630. What is the remainder when 27 + (-6 + 2)/(-2) is divided by 6/(-7) - (-372)/g?
5
What is the remainder when (-18)/(-42) - 34752*13/(-91) is divided by 72?
69
Let m(a) = 31*a + 439. Let j(g) = -15*g - 2. Let c(p) = 31*p + 5. Let k(i) = 3*c(i) + 7*j(i). What is the remainder when m(-13) is divided by k(-1)?
10
Suppose -5*r = 5 + 10. Let t(u) be the second derivative of u**4/4 - u**3/3 + 3*u**2/2 - 316*u. What is the remainder when t(r) is divided by 13?
10
Let a(u) = -u**2 - 36*u - 61. Suppose 23 = 6*t - 37. Calculate the remainder when a(-32) is divided by (-18)/8*(t - 2)*-1.
13
Let i = 9291 + -8781. What is the remainder when 529 is divided by i?
19
Suppose 82*h = 71*h - 6149. Let u = h + 569. What is the remainder when 31 is divided by u?
1
Let w = 419 + -403. What is the remainder when 170 is divided by w?
10
Suppose 225*s - 15 = 222*s. Suppose 4*m - s*x = -8*x + 93, -25 = 5*x. Calculate the remainder when (412/6)/((-8)/(-12)) is divided by m.
22
Suppose z - 6 = n, -4*z = -2*n + 4 - 22. Suppose -8*w - 110 = -z*w. Let q = w - -32. Calculate the remainder when 26 is divided by q.
6
Let d(u) = u**2 - 4*u. Suppose -80 = -5*n + 3*n - 2*s, 3*n - 3*s - 138 = 0. Suppose n*x - 12*x - 930 = 0. Calculate the remainder when x is divided by d(6).
6
Let q(i) = -3*i**3 + 135*i**2 + 44*i - 319. Calculate the remainder when q(45) is divided by 331.
6
Suppose -2*u = 5*v - 19, 0*u = 2*u - v - 1. Suppose u*l - 238 = -12*l. What is the remainder when 28 is divided by l?
11
Suppose -7147*x + 7139*x = -1432. What is the remainder when x is divided by 9?
8
Let b = -122 - -280. Let z = 4766 - 4748. Calculate the remainder when b is divided by z.
14
Let v = 18675 + -17853. Calculate the remainder when v is divided by 289.
244
Let v(z) be the third derivative of 0 + 0*z - 1/24*z**4 - 17*z**2 + 43/6*z**3. What is the remainder when 49 is divided by v(26)?
15
Suppose -2*m + 24 = -8. Suppose 3350 = -12*h + 10742. Suppose -31*p + h = -1244. Calculate the remainder when p is divided by m.
12
Let b(f) = -129*f - 97. What is the remainder when 1284 is divided by b(-2)?
157
Suppose 2*u + 2 = 56. Let t(p) = -p**3 - p**2 + 381*p + 104. What is the remainder when t(0) is divided by u?
23
Suppose 0 = -t + 4*z + 107, 4*t - 13*z - 386 = -11*z. Suppose 90*a + 170 = t*a. What is the remainder when 338 is divided by a?
32
What is the remainder when 1376 is divided by 8/(-104 + 105 + 14/(-18))?
8
Suppose -10*k - 54 = -74. Suppose 36 = k*q - 0*q. Calculate the remainder when 51 is divided by q.
15
Suppose -3*q + 4*u - 6*u + 60 = 0, -2*u = -3*q + 48. What is the remainder when ((-5)/((-15)/(-9)))/(2/(-22)) is divided by q?
15
Suppose 281*b - 209*b = 43992. Calculate the remainder when b is divided by 20.
11
Suppose -16*s + 24*s + 72 = 0. Calculate the remainder when 132 is divided by ((-300)/s)/(16/24).
32
Suppose 10*p + 114 = t + 12*p, 20 = -5*p. What is the remainder when 635 is divided by t?
25
Suppose 0 = h + 21 - 20. Calculate the remainder when h/(28/(-144))*280/15 is divided by 21.
12
Calculate the remainder when 247 is divided by 6 + ((-2899)/(-39) - (-2)/(-6)).
7
Let f(r) = 476*r + 10120. What is the remainder when f(-21) is divided by 20?
4
Let l = 82 - 89. What is the remainder when 2/4 - 920/(-16) is divided by l/(21/45)*(-1 + 0)?
13
Let v be 0/(-4) - -58*150/12. Let x = -333 + v. What is the remainder when x is divided by 57?
50
Suppose -113*v = -186*v + 126582. What is the remainder when v is divided by 134?
126
Suppose -39 = -w + 4*d, 5*w + 2*d = -0*w + 195. Let i = 200 + -185. Calculate the remainder when w is divided by i.
9
Let r = -80138 - -80148. Calculate the remainder when 95/2*(-4)/(-5) is divided by r.
8
Suppose -4*x + 28 = 4*q, 4*q - x + 2*x = 25. Let t = 23 + q. Suppose 4*z = -z + 720. Calculate the remainder when z is divided by t.
28
Let v(u) = -13*u + 18. Let j be v(6). Let z be (-648)/j*15/2. Let s = z + -69. Calculate the remainder when 35 is divided by s.
11
Suppose 9*w + 259 - 367 = 0. Suppose -28*o + 2384 = -w*o. Calculate the remainder when o is divided by 30.
29
Let m = -3681 - -3835. Calculate the remainder when 4771 is divided by m.
151
Let c(l) = 7*l**2 - 5*l - 2. Let k(g) = g - 14. Let i be k(9). Let r = 278 + -238. What is the remainder when c(i) is divided by r?
38
Suppose -6*y = -5*z + 10606, 3147 + 1095 = 2*z - 2*y. What is the remainder when z is divided by 18?
14
Calculate the remainder when (11/(22/5466))/((-4)/(-8 + 4)) is divided 